digit of 23028?
8
What is the tens digit of 49286?
8
What is the tens digit of 20213?
1
What is the tens digit of 168706?
0
What is the hundreds digit of 6188?
1
What is the tens digit of 301?
0
What is the tens digit of 978?
7
What is the hundreds digit of 30440?
4
What is the thousands digit of 107850?
7
What is the units digit of 37283?
3
What is the ten thousands digit of 31196?
3
What is the tens digit of 72222?
2
What is the tens digit of 4447?
4
What is the units digit of 871?
1
What is the tens digit of 625?
2
What is the units digit of 15?
5
What is the hundreds digit of 712?
7
What is the hundreds digit of 1863?
8
What is the ten thousands digit of 22258?
2
What is the ten thousands digit of 120414?
2
What is the tens digit of 1068?
6
What is the thousands digit of 1320?
1
What is the ten thousands digit of 76128?
7
What is the hundreds digit of 15206?
2
What is the tens digit of 809?
0
What is the thousands digit of 9120?
9
What is the tens digit of 20405?
0
What is the hundreds digit of 18896?
8
What is the tens digit of 958?
5
What is the tens digit of 56191?
9
What is the units digit of 16103?
3
What is the thousands digit of 5026?
5
What is the thousands digit of 3895?
3
What is the thousands digit of 2850?
2
What is the tens digit of 20059?
5
What is the hundreds digit of 264?
2
What is the units digit of 1470?
0
What is the hundreds digit of 1313?
3
What is the hundreds digit of 1042?
0
What is the tens digit of 120725?
2
What is the tens digit of 1542?
4
What is the hundreds digit of 5691?
6
What is the tens digit of 6418?
1
What is the hundreds digit of 586?
5
What is the tens digit of 628?
2
What is the tens digit of 1002?
0
What is the hundreds digit of 82364?
3
What is the tens digit of 185993?
9
What is the tens digit of 706?
0
What is the thousands digit of 8438?
8
What is the tens digit of 2048?
4
What is the hundreds digit of 2497?
4
What is the hundreds digit of 6667?
6
What is the thousands digit of 15174?
5
What is the hundreds digit of 26825?
8
What is the thousands digit of 7139?
7
What is the units digit of 9541?
1
What is the hundreds digit of 1003?
0
What is the tens digit of 1846?
4
What is the units digit of 140?
0
What is the units digit of 1663?
3
What is the thousands digit of 4436?
4
What is the hundreds digit of 1001?
0
What is the units digit of 62?
2
What is the hundreds digit of 545?
5
What is the tens digit of 939?
3
What is the units digit of 374?
4
What is the hundreds digit of 28320?
3
What is the units digit of 384?
4
What is the thousands digit of 6809?
6
What is the units digit of 38233?
3
What is the units digit of 3111?
1
What is the thousands digit of 117425?
7
What is the hundreds digit of 11902?
9
What is the hundreds digit of 15261?
2
What is the thousands digit of 4129?
4
What is the units digit of 352?
2
What is the units digit of 221?
1
What is the units digit of 12?
2
What is the thousands digit of 1779?
1
What is the tens digit of 42475?
7
What is the units digit of 1207?
7
What is the units digit of 7262?
2
What is the ten thousands digit of 81796?
8
What is the thousands digit of 44513?
4
What is the tens digit of 7119?
1
What is the units digit of 6636?
6
What is the units digit of 495?
5
What is the tens digit of 1170?
7
What is the ten thousands digit of 14978?
1
What is the units digit of 13948?
8
What is the tens digit of 37463?
6
What is the units digit of 56?
6
What is the units digit of 7141?
1
What is the units digit of 9854?
4
What is the thousands digit of 10784?
0
What is the tens digit of 205?
0
What is the thousands digit of 9630?
9
What is the hundreds digit of 542?
5
What is the hundreds digit of 9667?
6
What is the thousands digit of 18692?
8
What is the hundred thousands digit of 130378?
1
What is the hundreds digit of 7931?
9
What is the thousands digit of 1008?
1
What is the hundreds digit of 1457?
4
What is the tens digit of 538?
3
What is the tens digit of 575?
7
What is the hundreds digit of 12795?
7
What is the thousands digit of 25552?
5
What is the thousands digit of 1060?
1
What is the units digit of 33229?
9
What is the hundred thousands digit of 108935?
1
What is the tens digit of 1166?
6
What is the thousands digit of 1990?
1
What is the hundreds digit of 3810?
8
What is the units digit of 14963?
3
What is the tens digit of 210?
1
What is the thousands digit of 4454?
4
What is the thousands digit of 4706?
4
What is the thousands digit of 28421?
8
What is the ten thousands digit of 26077?
2
What is the hundreds digit of 1318?
3
What is the units digit of 166?
6
What is the ten thousands digit of 29221?
2
What is the ten thousands digit of 36258?
3
What is the ten thousands digit of 17710?
1
What is the thousands digit of 56988?
6
What is the tens digit of 890?
9
What is the hundreds digit of 1661?
6
What is the thousands digit of 1984?
1
What is the units digit of 135723?
3
What is the tens digit of 3477?
7
What is the hundreds digit of 20528?
5
What is the hundred thousands digit of 148286?
1
What is the ten thousands digit of 82300?
8
What is the hundreds digit of 82575?
5
What is the thousands digit of 10593?
0
What is the thousands digit of 5380?
5
What is the hundreds digit of 221?
2
What is the hundreds digit of 265?
2
What is the units digit of 1155?
5
What is the tens digit of 556?
5
What is the hundreds digit of 12620?
6
What is the ten thousands digit of 61339?
6
What is the tens digit of 6369?
6
What is the hundreds digit of 913?
9
What is the units digit of 649?
9
What is the hundreds digit of 1669?
6
What is the thousands digit of 10596?
0
What is the units digit of 878?
8
What is the units digit of 112?
2
What is the ten thousands digit of 75371?
7
What is the tens digit of 4118?
1
What is the tens digit of 7942?
4
What is the units digit of 317?
7
What is the units digit of 1954?
4
What is the ten thousands digit of 10016?
1
What is the hundreds digit of 5329?
3
What is the thousands digit of 1440?
1
What is the hundreds digit of 23737?
7
What is the units digit of 3349?
9
What is the tens digit of 778?
7
What is the ten thousands digit of 13890?
1
What is the thousands digit of 14408?
4
What is the units digit of 7?
7
What is the thousands digit of 20271?
0
What is the hundreds digit of 4847?
8
What is the hundreds digit of 64445?
4
What is the thousands digit of 87008?
7
What is the units digit of 155233?
3
What is the units digit of 2601?
1
What is the units digit of 1466?
6
What is the hundreds digit of 5833?
8
What is the hundreds digit of 46708?
7
What is the units digit of 3297?
7
What is the units digit of 774?
4
What is the thousands digit of 5803?
5
What is the units digit of 25?
5
What is the ten thousands digit of 39550?
3
What is the tens digit of 47523?
2
What is the tens digit of 3380?
8
What is the units digit of 83792?
2
What is the tens digit of 15563?
6
What is the units digit of 26235?
5
What is the units digit of 55943?
3
What is the units digit of 23669?
9
What is the hundreds digit of 3327?
3
What is the units digit of 443?
3
What is the thousands digit of 1688?
1
What is the units digit of 2502?
2
What is the tens digit of 6893?
9
What is the tens digit of 3561?
6
What is the tens digit of 55687?
8
What is the tens digit of 4339?
3
What is the tens digit of 101464?
6
What is the tens digit of 1664?
6
What is the units digit of 974?
4
What is the thousands digit of 24866?
4
What is the hundreds digit of 612?
6
What is the thousands digit of 5597?
5
What is the tens digit of 158?
5
What is the tens digit of 16284?
8
What is the thousands digit of 53363?
3
What is the thousands digit of 89698?
9
What is the hundreds digit of 1097?
0
What is the thousands digit of 3749?
3
What is the hundreds digit of 2966?
9
What is the thousands digit of 104469?
4
What is the ten thousands digit of 122904?
2
What is the units digit of 669?
9
What is the tens digit of 127?
2
What is the tens digit of 309?
0
What is the units digit of 617?
7
What is the hundreds digit of 793?
7
What is the units digit of 1318?
8
What is the tens digit of 10828?
2
What is the units digit of 222?
2
What is the thousands digit of 8251?
8
What is the tens digit of 574?
7
What is the hundreds digit of 457?
4
What is the tens digit of 937?
3
What is th